31)/42*6/1. Let i = 45 + m. Let q(g) = 19*g + 21. Is q(i) a prime number?
True
Suppose -4*i - 52 = -6*i. Let u = i - 25. Is 582 + (1 + u)/(-2) prime?
False
Let i(x) = -55 + 207*x**2 - 56 + 173 + 20*x - 61. Is i(-4) a composite number?
True
Suppose 5*h = -2*a + 17988, -5*a + 5*h - 26982 = -8*a. Let p = a - 135. Is p prime?
False
Suppose 3*p - 776917 = 20*a - 24*a, 5*a - p = 971132. Is a prime?
False
Let f(h) = -h**3 - 3*h**2 + 33*h - 16. Let j be f(-23). Suppose 21*m - 26*m + j = 0. Is m a composite number?
True
Let t be ((-1884)/9)/((-20)/570). Let k = 8785 - t. Is k prime?
True
Let q(o) = 22*o**2 + 0*o + 44 - 8*o + 48 - 85. Let h be ((-4)/6)/(1/6). Is q(h) composite?
True
Suppose -3*n + 8*n = 3345. Suppose -n - 767 = -4*l. Suppose -l - 88 = -3*h. Is h prime?
True
Suppose -4 = -d, 0*d + 4 = -4*g + 3*d. Suppose 0 = -g*m - 2*i + 12320, -4*i + 17239 = 5*m - 13562. Is m a prime number?
False
Let c be -1 - (-15)/(-5) - (0 + -4). Let y be 0/(c - (-1)/3*3). Suppose y*p = -p - 3, 4*p - 763 = -5*o. Is o composite?
True
Suppose -3*m + 534037 = 2*q, -285*m + 289*m + 1335081 = 5*q. Is q composite?
False
Let t = -773 + 764. Is (((-8883)/(-28))/t)/(9/(-708)) a composite number?
True
Let v(d) = 185*d + 30. Suppose -15 = -10*r + 35. Is v(r) composite?
True
Let j = -110859 + 193742. Is j a prime number?
True
Let x = -1177394 - -1658077. Is x prime?
False
Let z(f) = 2022*f + 581. Is z(81) a prime number?
True
Suppose 0 = 4*z + y - 3*y - 15082, -5*z - 3*y + 18847 = 0. Is 68/(-238) - z/(-14) a composite number?
False
Let p(u) = 1900*u**2 - 7*u + 90. Is p(5) a composite number?
True
Suppose 0 = -0*c + 27*c - 135. Suppose 3*w + 124964 = c*m - 21248, 4*m - 5*w = 116967. Is m a prime number?
True
Suppose -56*c + 196*c - 74311120 = -68*c. Is c composite?
True
Let n be (-5 - -17) + -8 - 31*-2097. Suppose -9*q + 52006 = -5*q - b, 0 = -5*q + 3*b + n. Is q composite?
False
Let n(d) = 5*d - 7 - 24 - 44 - 22. Is n(24) prime?
True
Let c = -251336 - -912697. Is c composite?
False
Let h(m) = 33 - 3*m - 18 - m**2 - 20. Let z be h(-5). Let p(k) = k**2 - 6*k - 8. Is p(z) a prime number?
True
Let q(v) = 2*v**2 - v - 117. Let h be q(8). Suppose -15987 = -h*o + 40116. Is o a prime number?
True
Let h(q) = q**2 + q + 1. Let s(a) = 6*a**2 + 19*a + 153. Let x(j) = 6*h(j) + s(j). Is x(-26) a prime number?
True
Suppose 6225 = -12*a + 6273. Suppose 30 = 4*z + 2*h, -7 = -z - 5*h + 23. Suppose x - z*x + 648 = -k, -x - a*k = -179. Is x a composite number?
False
Let x(d) = -210*d**3 - 12*d**2 - 18*d - 73. Is x(-8) a prime number?
True
Suppose 3*n = -0*n + 2*c + 8, 2*c = -n + 8. Suppose 0 = s - 5*s + 6612. Suppose 0 = -n*b + 5*u + s, -2088 = -3*b - 2*b - u. Is b a prime number?
False
Suppose 3*a - 17 = -4*w, -25 = -2*w + 5*a - 36. Suppose 0*v + 3*v = -6, -3*v + 2720 = w*t. Is t a composite number?
True
Let h be (-6 + 114/18)/((-2)/12). Let a be (h - (-4)/(-4))/((-3)/4). Suppose -3*z + 1143 = -3*i, a*i = -4*z - i + 1506. Is z a prime number?
True
Suppose -25579757 = -4*u - 40*z + 35*z, -5*u - 4*z = -31974685. Is u prime?
True
Let y = -78 + 76. Is y/((70/1673)/(-5)) prime?
True
Let f(k) = 332*k**2 + 23*k + 540. Is f(-17) prime?
True
Suppose 4*o - 1392602 = -t, 12*o - 11*o + t = 348155. Is o a prime number?
True
Let l = 146 + -140. Suppose -l*z + 11043 = 1881. Is z prime?
False
Let c = -20768 - -35145. Is c a composite number?
True
Let l = -23 - -23. Suppose l = 4*g - 2*g + 1308. Is (g + 7)/(-1*1) a prime number?
True
Let v(b) = b**3 + 4*b**2 + 4. Let f be v(-4). Let m be f/14 - 4595/35. Let y = -120 - m. Is y composite?
False
Suppose -a - q + 22157 = 0, -3*a + 8*a - 110800 = -2*q. Let x = a + -9051. Is x a composite number?
True
Let p(c) = -c**3 + 28*c**2 - 47*c - 33. Suppose 184 = -o + 9*o. Is p(o) a composite number?
False
Let m = 27695 + -12828. Is m a composite number?
False
Let b be (1517/(-1 + 0/(-4)))/(-1). Let s = b + 4465. Suppose 5*h - 2533 = s. Is h prime?
False
Suppose 6*m + 24 = 9*m. Let j(b) = 18*b**3 - 4*b**2 - 7*b - 19*b**3 - m - 7*b. Is j(-11) a prime number?
False
Is ((-111653)/(-1) - (40/5 + -8))*1 a prime number?
True
Let k be 0 + (-2)/1 - -1043. Let t be 51/15 - (-2)/(-5). Suppose 7*i = 4*i, -k = -t*l + 3*i. Is l a prime number?
True
Suppose 14 = -7*o - 28. Let d(f) = 2*f**2 + 9*f + 4. Let h be d(o). Suppose -17*c + h*c - 8285 = 0. Is c composite?
False
Let g(w) be the first derivative of 10/3*w**3 - 4*w + 17 + 1/2*w**2. Is g(6) prime?
False
Is (-27)/(-189)*(2*(-6069028)/(-8) - 0) a composite number?
False
Suppose 12*i = 7*i - 35, 2*v - 2166933 = -3*i. Is v a composite number?
True
Let r(o) = -o**3 - 4*o**2 + 4*o - 3. Let h be r(-5). Suppose 2*d - 4 = -h*u - 2*u, -2*d = -u - 9. Is u*(-307 + -2 - -2) composite?
False
Let a be ((2 + -2)*1)/(-2). Suppose 8*w + 6*w = 0. Suppose -5*d + h + a*h + 5440 = w, -3*d + 3271 = -2*h. Is d prime?
True
Let r = 501034 + -355751. Is r prime?
True
Let f(h) = h**2 - 32*h - 101. Let a be f(35). Suppose -8*s + a*s + 6892 = 0. Is s a prime number?
True
Let k(f) = -f**2 - 41*f + 394. Let b be k(-49). Suppose 37209 - 10853 = 4*t. Suppose 0 = c + 2*i - 2203, -b*i + i = 3*c - t. Is c composite?
True
Suppose 0 = -2*k - 4, 0 = -4*o - k + 16 - 6. Suppose 0 = o*h - 171 - 3867. Suppose 6*v = 8*v - h. Is v composite?
False
Let i be 1*-2*1224/48. Is (i/204)/((-2)/79208) a prime number?
True
Is (-66)/(-3) + (204112 - 97) composite?
True
Let p = -53933 + 149904. Is p composite?
False
Suppose z - 501 = -102. Let x be 9452/6 - 44/(-66). Suppose -z = -g + 2*w - 4*w, -4*g + x = 4*w. Is g a prime number?
True
Let v(k) = 145261*k**3 - k**2 - 20*k + 47. Is v(2) prime?
False
Suppose 4795280 = 9*n + 71*n. Is n a prime number?
False
Let f(k) = 32*k**3 + 3*k**2 + 3*k - 11. Let i be f(4). Suppose 4*r - 7*r = -i. Suppose 0 = -l + 2*t + r, -2*l + 1430 = 6*t - 2*t. Is l prime?
False
Let z(q) = 2*q**2 + q - 2. Let d be z(-2). Suppose d*s = -s + 15. Suppose -5*b + 2093 = g, 2*b - 20 = -s*b. Is g a composite number?
True
Suppose -w + 5*r = 2*r + 2, -3*r + 44 = 5*w. Suppose 3 - w = -2*v. Suppose -3*c = -u + c + 2341, 8 = v*c. Is u a prime number?
True
Let j be (-18)/(-27)*(0 - 9/1). Is 1632 + j/6 + 6 a prime number?
True
Let t be (129308/(-12))/1 + 6/9. Let g = -1666 - t. Is g prime?
True
Let d be 1*2 + 2 + 0. Let i = -3927 - -3927. Suppose -d*c = -i*t - 5*t - 19449, c - 5*t = 4866. Is c a prime number?
True
Suppose -3 = 4*m - 51. Suppose w - 10 = -m, -r + w = -1969. Is r composite?
True
Let b = 29 + -38. Is (1752 + 9)*(-3)/b composite?
False
Is 17/(-51)*-6 + 540653 composite?
True
Suppose -25 = 5*d + 7*b - 3*b, -4*d = b + 9. Let y be 3 + -1 + 2/(d + 0). Suppose -u = y, -u + 194 = w - 1067. Is w a prime number?
False
Let y(a) = -a**3 - 14*a**2 - 12*a + 13. Let r = -34 - -21. Let j be y(r). Suppose 0 = -j*n - 5*n - 5*v + 1700, 0 = n - 4*v - 315. Is n a composite number?
True
Is -4 - (-1040)/286 - 368046/(-22) a prime number?
True
Let o be (36/6 + -6)/(-5). Suppose -g = o, -9*c + 5*g + 3274 = -7*c. Is c a composite number?
False
Let m(n) = n - 18. Let h be m(0). Is ((-10809)/h)/(0 - (-3)/42) composite?
True
Let p(w) = 32645*w**2 + 6*w. Is p(-1) composite?
True
Is (-2)/(-12) + (-22413215)/(-330) a composite number?
True
Is (-14 + -9)*-2*(-29067)/(-6) composite?
True
Suppose -6*d = -8*d - 40. Let o be 9/(-15) + (-272)/d. Suppose o*j - 6*j = 6349. Is j a prime number?
True
Suppose -4*t + t = 3*v - 42, -4*t = -12. Let d(a) = 75*a + 52. Is d(v) a composite number?
False
Suppose 2*m + 5*a = -141, -5*a = 5*m + 24 + 291. Let y(q) = -19*q + 4. Let d be y(-4). Let k = d + m. Is k composite?
True
Suppose 243785 = 5*t + u + 66976, 3*t - 5*u = 106091. Is t composite?
True
Let u(i) = -i**2 - 50*i - 184. Let q be u(-46). Suppose -2*a = -y - 2065 + 13046, q = 5*y - a - 54896. Is y composite?
False
Let i(z) = 27*z + 187. Let u be i(-7). Is 231621/(-13)*(5 + u)/(-9) a prime number?
True
Let i be (21/9)/(3/9). Suppose 0 = i*t - 3288 - 7289. Is t composite?
False
Let h be 0 - (-1)/(4/32*4). Suppose 0 = 9*v - h*v + 105. Is 69/v + 5 - (-443)/5 a composite number?
False
Let x be 29 - (-3 + 5 - -1). Suppose -192267 = -x*t - t. Is t composite?
False
Let c(w) = -4*w - 24. Let m be c(-20). Let s be 32/m + (-60)/7. Is 1 + 39 - (s + 11) prime?
True
Let c(k) = -k - 1. Let q(w) be the third derivative of 65